the greatest common divisor of 1348800 and 444?
12
What is the highest common factor of 725 and 416205100?
725
What is the highest common factor of 104 and 4500509?
13
What is the greatest common factor of 2061965 and 2945?
155
Calculate the highest common divisor of 144 and 59964.
12
Calculate the greatest common factor of 2680 and 505460.
20
Calculate the greatest common divisor of 21187440 and 2025.
135
Calculate the greatest common factor of 58 and 93580535.
29
Calculate the greatest common divisor of 1101617 and 771936.
8041
What is the greatest common divisor of 29197 and 47171?
43
What is the greatest common divisor of 988132 and 2124?
236
Calculate the greatest common divisor of 30072911 and 132.
11
What is the highest common divisor of 310009 and 665?
7
Calculate the highest common factor of 62795541 and 5826.
2913
Calculate the highest common factor of 729451914 and 258.
258
What is the highest common divisor of 469 and 4324035079?
469
Calculate the greatest common divisor of 178 and 1217005847.
89
Calculate the highest common factor of 730 and 179020.
10
What is the greatest common factor of 335212459 and 19?
19
What is the greatest common divisor of 47932 and 8004?
92
What is the highest common divisor of 19304550 and 600?
150
What is the highest common divisor of 23916 and 321353313?
5979
Calculate the highest common factor of 2256 and 1203088.
16
What is the greatest common factor of 1736064 and 3681?
9
What is the highest common factor of 548 and 5295735?
137
Calculate the greatest common factor of 3616729 and 109.
109
Calculate the greatest common factor of 209400 and 175.
25
What is the highest common divisor of 63836874 and 491?
491
Calculate the highest common divisor of 36 and 2744483724.
36
What is the greatest common divisor of 63938843 and 3?
1
What is the greatest common factor of 153882 and 16351?
83
Calculate the highest common divisor of 3034954 and 67574.
2938
What is the highest common divisor of 1519210 and 3080?
770
What is the highest common factor of 2148 and 62128752?
2148
Calculate the greatest common factor of 151950 and 594631.
1013
What is the greatest common factor of 3426 and 97408032?
3426
Calculate the greatest common factor of 747275 and 11360.
355
Calculate the highest common factor of 17406 and 161937.
9
What is the highest common divisor of 10 and 378946?
2
Calculate the greatest common divisor of 259006 and 4148.
122
Calculate the highest common divisor of 110 and 10295824.
22
Calculate the highest common factor of 13831559 and 232763.
1699
What is the greatest common divisor of 1386 and 2288664?
126
What is the highest common factor of 10331349 and 420?
21
What is the highest common factor of 4202360972 and 932?
932
What is the highest common divisor of 3963 and 5327593?
1321
What is the greatest common divisor of 10624 and 135967280?
1328
What is the highest common divisor of 3008 and 43552?
32
What is the greatest common divisor of 645100 and 20?
20
Calculate the highest common divisor of 115538877 and 81.
9
Calculate the highest common factor of 1083374 and 2.
2
What is the greatest common divisor of 319 and 37195851?
11
Calculate the highest common divisor of 428004 and 948.
12
Calculate the greatest common divisor of 133412 and 32.
4
Calculate the greatest common factor of 2033631 and 2664.
333
What is the highest common divisor of 645880 and 134237?
241
What is the greatest common factor of 299 and 8094385?
13
Calculate the greatest common divisor of 95042206 and 8435.
1687
What is the greatest common factor of 139526355 and 105?
15
Calculate the greatest common factor of 25292331 and 405.
81
What is the greatest common factor of 2548152 and 4482?
54
Calculate the greatest common factor of 89368200 and 1965.
1965
Calculate the greatest common factor of 1062053034 and 42.
42
Calculate the greatest common divisor of 1134 and 8793522.
162
Calculate the highest common factor of 608720 and 3535.
35
What is the greatest common divisor of 660962 and 48418?
1126
Calculate the highest common divisor of 204157 and 207903.
1873
What is the greatest common divisor of 352030 and 40093970?
7490
Calculate the greatest common divisor of 1486 and 27495458.
1486
What is the highest common factor of 561 and 95381985?
51
What is the greatest common factor of 193963971 and 1179?
393
Calculate the greatest common divisor of 1587531408 and 9024.
2256
Calculate the greatest common divisor of 904 and 143374400.
904
Calculate the highest common factor of 58226 and 46676.
14
What is the highest common divisor of 2222580 and 4349284?
8716
Calculate the greatest common factor of 350678969 and 1297.
1297
What is the greatest common divisor of 819090 and 605935?
2395
What is the highest common divisor of 284854038 and 294?
42
Calculate the highest common factor of 17335188 and 10908.
108
Calculate the highest common divisor of 2793304 and 78660.
1748
What is the greatest common factor of 569505 and 295?
5
What is the highest common divisor of 59093145 and 105?
15
Calculate the greatest common divisor of 729083 and 5515.
1103
Calculate the highest common divisor of 6942 and 88533978.
78
What is the highest common factor of 2292157 and 2476?
619
Calculate the highest common divisor of 175497 and 91.
7
What is the greatest common divisor of 1350 and 1436040?
90
Calculate the greatest common factor of 3125 and 74909375.
3125
What is the highest common factor of 39552 and 11508?
12
Calculate the greatest common factor of 160951 and 12551.
7
What is the highest common divisor of 6162 and 256254986?
2054
What is the greatest common divisor of 3813 and 64449909?
123
What is the greatest common factor of 65 and 575458?
13
Calculate the highest common factor of 8287270 and 9810.
1090
Calculate the greatest common divisor of 78085 and 17961781.
2231
Calculate the greatest common factor of 12600 and 153132840.
2520
Calculate the highest common factor of 53334 and 6794159.
2963
Calculate the greatest common divisor of 42 and 6222664.
14
What is the highest common factor of 164 and 14152913?
41
Calculate the highest common divisor of 19391961 and 11163.
183
Calculate the highest common divisor of 69449812 and 1384.
692
Calculate the highest common divisor of 362 and 4798.
2
Calculate the highest common divisor of 793097 and 273862.
919
What is the highest common divisor of 182721 and 831?
3
What is the highest common factor of 90873 and 8763?
69
Calculate the greatest common divisor of 1218191 and 325.
13
Calculate the greatest common factor of 18904197 and 63765.
4251
What is the highest common divisor of 21804572 and 2074?
122
Calculate the greatest common divisor of 2015009 and 2629.
239
What is the greatest common factor of 23947 and 11388509?
3421
What is the highest common divisor of 208356 and 174891?
291
Calculate the greatest common factor of 55708 and 4598.
38
Calculate the highest common divisor of 2064889 and 286669.
89
What is the highest common divisor of 58178 and 4905324?
3062
Calculate the greatest common divisor of 172968 and 15912.
24
What is the highest common divisor of 6435829 and 593?
593
Calculate the greatest common divisor of 758586 and 207897.
1587
Calculate the greatest common divisor of 1557241 and 22329.
827
Calculate the highest common divisor of 12844078 and 14144.
442
What is the highest common divisor of 183 and 4176507801?
183
What is the highest common divisor of 116 and 37480586?
58
Calculate the highest common divisor of 5058 and 2271604.
562
What is the highest common divisor of 54 and 20363967?
27
Calculate the highest common factor of 468782 and 3968.
62
What is the highest common divisor of 14 and 41043562?
14
Calculate the greatest common divisor of 2110032 and 1488.
48
Calculate the highest common divisor of 22192 and 2665376.
1168
Calculate the greatest common factor of 3465 and 233975511.
693
What is the greatest common divisor of 34851579 and 764?
191
Calculate the greatest common divisor of 265 and 1185257285.
265
What is the highest common factor of 102400235 and 280?
35
What is the greatest common divisor of 1262 and 180641418?
1262
Calculate the highest common factor of 42 and 1386861.
21
Calculate the highest common divisor of 724340685 and 4285.
4285
Calculate the greatest comm